se 2, what is -1 + -101?
-110
In base 6, what is 31 + -2?
25
In base 4, what is 2132 + 11?
2203
In base 4, what is 232133 + 0?
232133
In base 10, what is -5 - 256?
-261
In base 16, what is -4 - 3a?
-3e
In base 2, what is 1000010000110 - -10?
1000010001000
In base 11, what is -14 + 58?
44
In base 5, what is -42 - 220?
-312
In base 10, what is 7 - 95?
-88
In base 6, what is 2551 + -3?
2544
In base 3, what is -1 + -10002111?
-10002112
In base 13, what is -6 + -7c5?
-7cb
In base 10, what is 36 + 5?
41
In base 3, what is -212120210 + 0?
-212120210
In base 8, what is 2 - -35?
37
In base 5, what is 2 + 412?
414
In base 6, what is -5 + 230?
221
In base 9, what is -124 - -4?
-120
In base 7, what is -66 + 15?
-51
In base 7, what is -5 + 162?
154
In base 16, what is -18 + 6?
-12
In base 7, what is 60 - 5?
52
In base 7, what is -201 - -11?
-160
In base 2, what is -111001001110 + -1?
-111001001111
In base 9, what is 2 - 6635?
-6633
In base 3, what is 2 + -202110?
-202101
In base 16, what is efd - -8?
f05
In base 7, what is -11 - 246?
-260
In base 14, what is -4dc - -2?
-4da
In base 3, what is -11 - 2022?
-2110
In base 4, what is 122 - -12?
200
In base 2, what is -10 - 101?
-111
In base 11, what is -872 - -2?
-870
In base 13, what is -531 - -4?
-52a
In base 11, what is 6 + -33?
-28
In base 14, what is 1d - -41?
60
In base 5, what is 1442 + 3?
2000
In base 3, what is -11 - -22121?
22110
In base 5, what is -123 - 1?
-124
In base 14, what is -1 + -835?
-836
In base 14, what is 2a + 2?
2c
In base 6, what is -1102 + 11?
-1051
In base 5, what is -4 - 241?
-300
In base 13, what is -1b1 + 3?
-1ab
In base 3, what is -1110 - 20?
-1200
In base 12, what is -4 + -1483?
-1487
In base 9, what is -286 - -5?
-281
In base 11, what is 71 + -9?
63
In base 8, what is -2627 - 12?
-2641
In base 4, what is 11 - 31?
-20
In base 11, what is 2 - -14?
16
In base 15, what is 29d + e?
2ac
In base 16, what is -4 - 7fe?
-802
In base 6, what is -3 + -244?
-251
In base 13, what is -7 + 412?
408
In base 7, what is 0 + -622?
-622
In base 6, what is 20 - 102?
-42
In base 7, what is 50 - -121?
201
In base 10, what is 4 + -3803?
-3799
In base 2, what is -1000 + -101?
-1101
In base 5, what is 1001 + 110?
1111
In base 3, what is -2 + 2020?
2011
In base 7, what is 2 + -1440?
-1435
In base 9, what is -183 - -5?
-177
In base 10, what is 34 + -1?
33
In base 12, what is -3 + 27b?
278
In base 8, what is 1 + -1277?
-1276
In base 13, what is -1 + 891?
890
In base 4, what is -100 + -220?
-320
In base 10, what is -14 - 20?
-34
In base 3, what is 20122 + 12?
20211
In base 4, what is -2 - 1122?
-1130
In base 4, what is -202 - 102013?
-102221
In base 7, what is -11542 + 5?
-11534
In base 3, what is 0 + 22020?
22020
In base 16, what is -19a + -1?
-19b
In base 14, what is 5 - 4b?
-46
In base 4, what is 10 - 1323?
-1313
In base 14, what is -5 - -39?
34
In base 10, what is -405 + 3?
-402
In base 4, what is 1 - -22?
23
In base 2, what is -1001011 + 110?
-1000101
In base 16, what is -2825 - 1?
-2826
In base 12, what is -14 - -735?
721
In base 13, what is -cc5 + 4?
-cc1
In base 3, what is -2 + 10012211?
10012202
In base 10, what is -4 - -240?
236
In base 6, what is 23243 + -3?
23240
In base 6, what is -3013 - 32?
-3045
In base 2, what is -101110 + -100?
-110010
In base 14, what is -15 - -29?
14
In base 9, what is -5 - -3585?
3580
In base 15, what is 79 - 31?
48
In base 10, what is 589 + 8?
597
In base 4, what is 0 - 1112?
-1112
In base 10, what is 5 + -1628?
-1623
In base 3, what is 11220 + -1?
11212
In base 10, what is -3 - 1077?
-1080
In base 7, what is -210 + -162?
-402
In base 8, what is -5 + 251?
244
In base 16, what is -3 + 138?
135
In base 14, what is -2 + 29?
27
In base 7, what is 204 - 251?
-44
In base 4, what is 1 + -3203?
-3202
In base 2, what is -10101100000111 - -1?
-10101100000110
In base 13, what is -43 - -1?
-42
In base 10, what is 811 + -2?
809
In base 16, what is -4 + 17?
13
In base 4, what is 20110 + 10?
20120
In base 3, what is 11022100 - 12?
11022011
In base 11, what is -9 + -73?
-81
In base 16, what is 0 + -2d?
-2d
In base 7, what is 4 + 1144?
1151
In base 13, what is 98 + 67?
132
In base 11, what is 123a - 2?
1238
In base 15, what is 1 + 315?
316
In base 11, what is -1 + -5?
-6
In base 8, what is -2 - -6774?
6772
In base 5, what is -3312 + 10?
-3302
In base 8, what is -134 - 5?
-141
In base 14, what is -2 + a?
8
In base 13, what is -72 - 8?
-7a
In base 14, what is 5 - 75?
-70
In base 3, what is -122 + 12?
-110
In base 7, what is -2453 + 3?
-2450
In base 15, what is 4 - be?
-ba
In base 11, what is -3 + -82?
-85
In base 13, what is -1 - 56b?
-56c
In base 4, what is -2 - 1030?
-1032
In base 11, what is -39 + a?
-2a
In base 8, what is -16 - -504?
466
In base 12, what is 73a - 0?
73a
In base 14, what is 3 + -72?
-6d
In base 6, what is 4 + -203?
-155
In base 3, what is 21122 - 10?
21112
In base 16, what is -6 - 172?
-178
In base 6, what is -51020 - -4?
-51012
In base 9, what is -6 - 324?
-331
In base 2, what is -10001001100 + 10?
-10001001010
In base 11, what is -122 - 4?
-126
In base 10, what is 458 + -9?
449
In base 14, what is 1 - -73?
74
In base 5, what is -1101 - 31?
-1132
In base 2, what is -1111000 + 10?
-1110110
In base 8, what is -3 - 2014?
-2017
In base 9, what is -1 - 223?
-224
In base 2, what is 10 + 11100001?
11100011
In base 12, what is 9 - -23?
30
In base 14, what is -3 - -1c?
19
In base 10, what is 4 - 7861?
-7857
In base 5, what is -210120 + -2?
-210122
In base 13, what is 4 - -b?
12
In base 8, what is 4 - -520?
524
In base 12, what is -2 + 29?
27
In base 8, what is 0 - -46?
46
In base 7, what is -1 - 156?
-160
In base 14, what is -a8 - 4?
-ac
In base 11, what is -39 + -30?
-69
In base 13, what is 11ac + -2?
11aa
In base 2, what is 1111001010 + -101?
1111000101
In base 10, what is 102 + -3?
99
In base 16, what is f + 1e?
2d
In base 12, what is 53 + 1a?
71
In base 14, what is -14 + 4d?
39
In base 12, what is -97 + 5?
-92
In base 8, what is -1 + 103?
102
In base 14, what is 5 - 168?
-163
In base 6, what is -15 - -3324?
3305
In base 8, what is 226 - -4?
232
In base 6, what is -1203 - 5?
-1212
In base 8, what is -2 + -26?
-30
In base 9, what is 2 - 1185?
-1183
In base 11, what is 3 - a5a?
-a57
In base 7, what is -54 - -1?
-53
In base 15, what is e + -19?
-a
In base 4, what is -20300 - 103?
-21003
In base 9, what is 0 - 852?
-852
In base 15, what is -b + 2dd?
2d2
In base 2, what is 101 - 11101111?
-11101010
In base 12, what is -5 - -109a?
1095
In base 9, what is -555 - 4?
-560
In base 15, what is -3c9 - -5?
-3c4
In base 10, what is -3 + 1504?
1501
In base 4, what is 3 - 303?
-300
In base 12, what is 53 - 6?
49
In base 8, what is -45 - 6?
-53
In base 6, what is -4 - 110101?
-110105
In base 14, what is -236 + -d?
-245
In base 7, what is -3 + -1046?
-1052
In base 6, what is -232 + 15?
-213
In base 16, what is -1 - -70?
6f
In base 7, what is -205 + 1?
-204
In base 6, what is -4 + -203?
-211
In base 14, what is 2 + -a?
-8
In base 13, what is -14 + 11?
-3
In base 13, what is a + -10a?
-100
In base 14, what is 1 - -131c?
131d
In base 14, what is -635a + 5?
-6355
In base 12, what is -3b7 + -3?
-3ba
In base 4, what is 2 + -30331?
-30323
In base 12, what is -1 + -a1a?
-a1b
In base 2, what is 10110100001 - 101?
10110011100
In base 9, what is -1016 + -5?
-1022
In base 13, what is 25 + b?
33
In base 5, what is -3 - 304?
-312
In base 11, what is 3 - 669?
-666
In base 16, what is -1 - -d2c?
d2b
In base 5, what is -1401 - -10?
-1341
In base 4, what is -2 - 2230?
-2232
In base 13, what is 5 + -11?
-9
In base 2, what is -101 + 1?
-100
In base 3, what is 20 - -21001?
21021
In base 6, what is 114 - -2313?
2431
In base 2, what is 1111000000 + 101?
1111000101
In base 12, what is -2 + -92?
-94
In base 15, what is 2 + 8?
a
In base 3, what is -11 + 1212?
1201
In base 13, what is -16 + -c?
-25
In base 7, what is -44 - -2?
-42
In base 8, what is 1 - 13?
-12
In base 10, what is -4 - 113?
-117
In base 16, what is 4 + ac5?
ac9
In base 5, what is 1024 - -1?
1030
In base 3, what is 12 + -22?
-10
In base 10, what is 99 - 1?
98
In base 16, what is -3df - 4?
-3e3
In base 11, what is 16 + -588?
-572
In base 15, what is 32 + 1?
33
In base 16, what is -d + -1a7?
-1b4
In base 13, what is 10 + 109?
119
In base 9, what is 8